- 2616, -3*k - h*n + 2619 = 0. Suppose u + 361 = 5*o - 493, 5*o = 5*u + k. What is the units digit of o?
0
Let m be -1 + (-2)/(4/(-10)). Let c(p) = 13*p + 27. Let l(z) = 36*z + 75. Let s(g) = -11*c(g) + 4*l(g). What is the units digit of s(m)?
7
Suppose 174*u + 41496 = 187*u. What is the thousands digit of u?
3
Suppose -i + 3*i + 19 = 5*d, 5*d - 5 = -5*i. Suppose -5*h = -2*k - 2264, d*h = -5*k + 216 + 1161. What is the hundreds digit of h?
4
Suppose -39*u - 41*u = -69*u - 34078. What is the thousands digit of u?
3
Suppose 60931 = 4*x + 3*q - 23217, -63111 = -3*x + 5*q. What is the ten thousands digit of x?
2
Let f(l) = 8*l**2 - 132*l + 66. Let x be f(16). Suppose 2*o = -2*k + 6*k - 130, -2*k = -10. What is the units digit of (x - (-267)/5) + 22/o?
5
Suppose 3*n + 3*d = 33864, 36*n - 4*d = 41*n - 56437. What is the thousands digit of n?
1
Suppose -2*i + 3*i = -g - 8, 0 = -g - 4*i - 14. What is the tens digit of (243/(-36) - g) + (-1019)/(-4)?
5
Let g(f) = -3*f**3 + 13*f**2 - 4*f - 27. What is the hundreds digit of g(-7)?
6
Let h = 8232 + -6256. What is the hundreds digit of h?
9
Suppose -30*x = -36*x - 1722. Let c = 1191 + x. What is the hundreds digit of c?
9
Suppose -151 = -3*s + 2402. Suppose -4*y + 203 = -4*h + s, -y + 482 = 3*h. Suppose 6*r = h + 139. What is the units digit of r?
0
Suppose -5*x = 69*t - 64*t + 1590, -1272 = 4*t - 2*x. Let d = 809 + t. What is the hundreds digit of d?
4
Let y be 1 - (1/(-2))/(3/6). Let w be (36/(-8))/(y/(-12)). Let u = w - -42. What is the units digit of u?
9
Suppose 3*a - 856*b + 858*b = 194362, -4*a + 5*b = -259134. What is the hundreds digit of a?
7
Suppose 209160 = -71533*b + 71557*b. What is the hundreds digit of b?
7
Let c(k) be the third derivative of 13*k**4/24 - k**3 - k**2. Suppose -139*x + 60 = -119*x. What is the units digit of c(x)?
3
Let u(l) = -126*l + 122. Let c(k) = 126*k - 123. Let p(z) = 5*c(z) + 4*u(z). What is the units digit of p(8)?
1
Suppose 0 = 28*z - 32*z + 132. Let s be z*(50/6 - 2). Let n = -140 + s. What is the units digit of n?
9
Let m = 2527 - 623. Suppose 7*x + m = 11*x. What is the units digit of x?
6
Suppose -10*q + 92 = -8*q. Let c(o) = -2*o**3 + 32*o**2 + 11*o - 9. Let r be c(16). Let g = q + r. What is the hundreds digit of g?
2
Suppose -21*m + 39820 = 5*c - 26*m, 2*c = -2*m + 15952. What is the thousands digit of c?
7
Let b(q) = -q**3 + 23*q**2 + 45*q + 36. What is the hundreds digit of b(22)?
5
Suppose -2*b + 3*j = 67, -4*j = -b - 2*j - 36. Let k = 51 - b. Let l = k - -92. What is the tens digit of l?
6
Let u(g) = 24*g**2 - 39*g - 514. What is the ten thousands digit of u(-40)?
3
Let u(w) = 43*w - 7. Suppose 2*d - 4*t = -12 - 4, -10 = 5*d - 4*t. Let p be u(d). Let y = p + -41. What is the units digit of y?
8
Suppose 0 = j - 1 - 3, -3*j - 13 = -5*w. Suppose -8*m - w*m = -13221. What is the thousands digit of m?
1
Suppose 238*l - 242*l - 4*w = -104228, 0 = -l - 3*w + 26061. What is the tens digit of l?
5
Let c be 5*14/(-35) + 8. Let p(h) = 40*h + 144. What is the units digit of p(c)?
4
What is the thousands digit of (3912/(-18))/((-126)/11151)?
9
Let l(r) = r**3 + r**2 - 5*r + 5. Let f be l(-3). Let h(v) = -13*v + 38*v**f + 5 - 78*v**2 + 45*v**2. What is the hundreds digit of h(6)?
1
Let d = 7 - 4. Suppose -f - d = -6. Suppose 0 = -5*n + x - 3*x + 342, -f*x = -n + 82. What is the units digit of n?
0
Let j(t) = 2*t**3 - t + 1. Let o be j(1). Let g(m) = 11*m**3 - 2*m**2 + 2*m + 2. Let c be g(o). What is the units digit of c/((-4)/8 - -1)?
2
Suppose -5*c + 48 = -7*c. Let d be 586/8 - (5 + 114/c). Let u = d - 24. What is the tens digit of u?
4
Let j be -10*(-8)/120*1*-3. Let s(i) = -26*i**3 - 7*i**2 - 8*i - 3. What is the units digit of s(j)?
3
Suppose 7 + 3 = 2*x. What is the tens digit of (3/x)/(3 + (-3568)/1190)?
5
What is the thousands digit of 37 + (-2850)/76 - (264597/2)/(-3)?
4
Let p = 586 + -576. What is the units digit of p/((-270)/(-6903))*(1 - -2)?
7
Let s be ((-13)/(39/3630) - 1)*-2. Let y = -1682 + s. What is the units digit of y?
0
Let s = -71 + 40. Let f = s - -82. Suppose f = b + 7. What is the units digit of b?
4
Suppose 0 = d + 3, -4*d - 17 = -s - 0. Suppose 5*p - 723 = -5*m + 1522, s*m = p - 449. What is the hundreds digit of p?
4
Suppose 76*m = 64*m + 24. Suppose 4*b - 1 = 11, m*p - 2*b = 778. What is the units digit of p?
2
Let s be 183 + (3 - (-5 + 2)). Let v = 71 + s. What is the hundreds digit of v?
2
Suppose -2*q = u - 20, -19*q + 22*q = 5*u + 56. What is the hundreds digit of (4/q)/(4/15972)?
3
Suppose -4*h + 70 = -206. Let w = h + -79. What is the units digit of 4/w*90*(-49)/7?
2
Suppose -9*k = -13*k + 200. Let q be (-8)/2 + 0 + -1. What is the units digit of k - ((-6)/(-15))/(1/q)?
2
Let l(i) = -i**3 + 9*i**2 - 6*i + 3. Let b be l(8). Suppose -18*c - 1169 = -b*c. Suppose -3*h = 3*f - 711, 3*f - 428 = 3*h - c. What is the hundreds digit of h?
2
Let p(t) = -155*t + 928. What is the hundreds digit of p(-14)?
0
Suppose 18*c + 116243 = 3*c + 308438. What is the units digit of c?
3
What is the hundreds digit of (-21588)/3*(-36)/48?
3
Let u = -29497 + 72575. What is the units digit of u?
8
Let g(p) = -p**2 - 14*p + 23. Let o be g(-17). What is the tens digit of o/(-24)*182 + 4/6?
1
Let a = -73863 - -115567. What is the thousands digit of a?
1
Let j be (4 - (-1 - -1)) + -12. Let u(q) = -7*q - 6. Let p be u(j). Suppose 6*g - g = p. What is the units digit of g?
0
Suppose -12*b + 13*b + 7 = 0. Let v(r) = -r**3 + r**2 + r - 1. Let x(a) = 7*a**3 + 2*a**2 - 5*a + 12. Let o(t) = 6*v(t) + x(t). What is the units digit of o(b)?
8
Suppose -35020 = -4*x + 4*l, 4*l - 24 = -0*l. What is the units digit of x?
1
Let m = 1022 - 711. What is the tens digit of m?
1
Let p(x) = -29*x + 805. What is the thousands digit of p(-66)?
2
Let z be (18 - 16)*(-41)/(-2). Suppose -4*k + z + 51 = 0. What is the units digit of k?
3
Let j = -20095 - -34703. Suppose 286*r - j = 275*r. What is the tens digit of r?
2
Let p(h) = 13*h**2 - 23*h + 373. What is the units digit of p(30)?
3
Let s(p) = -p**3 - 19*p**2 - 33*p + 22. Let y be s(-17). Suppose i = -4, y*i = -o + 4*o - 1139. What is the tens digit of o?
7
Suppose 418 = -30*y + 31*y. Let j = 765 - y. What is the tens digit of j?
4
Suppose 5*v - 134685 = 2*s + 24885, -4*v = -s - 127656. What is the tens digit of v?
1
Suppose 343*a - 168*a - 58773 = 142*a. What is the tens digit of a?
8
Let l = -17060 - -31868. What is the tens digit of l?
0
Suppose -7*o + 11*o - 3172 = 0. Let d = o + -232. What is the hundreds digit of d?
5
Suppose n + r = 3*n - 28, 0 = 3*n + r - 32. Suppose -654 - 102 = -n*j. What is the units digit of j?
3
Let b = -1466 - -3528. Suppose b + 8298 = 10*w. What is the thousands digit of w?
1
Suppose 3*c = 4*d + 9319, -3*d - 971 + 4073 = c. What is the hundreds digit of c?
1
Suppose 5*n = -5*p + 35, -2*n + 5*n + p - 17 = 0. Let t be 9/3 - -133 - (n - 8). Let a = 20 + t. What is the units digit of a?
9
Suppose 0 = 220*z - 217*z - 8199. Suppose -h + 830 + 87 = -5*w, -3*h + z = 3*w. What is the units digit of h?
2
Let c(t) = -5*t**3 + 12*t**2 + 333*t - 9. What is the units digit of c(-15)?
1
Suppose -106404 = -10*w + 40546. What is the hundreds digit of w?
6
Suppose 3*t = 3*r + 15, 5*t + 15*r - 37 = 17*r. Suppose t*o - 633 = 6*o. What is the units digit of o?
1
What is the hundreds digit of 2501/(-61)*(-157 + 0)?
4
Let a be (1 - 6 - -6)*2. Suppose -20 = -7*q + a*q, 0 = -3*p - 5*q + 1334. What is the hundreds digit of p?
4
Suppose 49*f - 375402 - 562992 + 231814 = 0. What is the thousands digit of f?
4
Let q(s) = -3*s**2 - 1. Let c(v) = -19*v**2 - 49*v + 24. Let f(x) = -c(x) + 5*q(x). What is the hundreds digit of f(-19)?
4
Let a = 96 + -84. Suppose -2*y + 3*n = -542, 8 = n + a. What is the units digit of y?
5
Suppose 0 = 167*y - 163*y - 3904. What is the units digit of y?
6
Suppose -16*i - 78 = 146. Let j(x) = -x**2 - 18*x + 77. What is the hundreds digit of j(i)?
1
Suppose 47 - 52 = -l. Suppose 0 = -3*m - 4*w + 76, l*w - 6*w = -5*m + 96. What is the units digit of m?
0
Suppose 2*m - 36 = -10*m. Suppose 11 = -2*a - m*q, 3*q + 7 = -a + 2*q. What is the units digit of (-30)/a - (-1 + -220)?
4
Suppose 2*a = 3*z + 290, -75 = -z + 2*z - 5*a. Let x = 163 + z. What is the tens digit of x/(-14)*(-102)/9?
5
Suppose -76*g = -23*g 